{"id":6431,"date":"2023-03-15T20:49:52","date_gmt":"2023-03-15T20:49:52","guid":{"rendered":"https:\/\/pts.org.pl\/?page_id=6431"},"modified":"2026-01-23T11:56:11","modified_gmt":"2026-01-23T11:56:11","slug":"sekcja-socjologii-cyfrowej","status":"publish","type":"page","link":"https:\/\/pts.org.pl\/en\/sekcja-socjologii-cyfrowej\/","title":{"rendered":"Sekcja Socjologii Cyfrowej"},"content":{"rendered":"<div class=\"fcbkbttn_buttons_block\" id=\"fcbkbttn_left\"><div class=\"fcbkbttn_button\">\n                            <a href=\"https:\/\/www.facebook.com\/\" target=\"_blank\">\n                                <img src=\"https:\/\/pts.org.pl\/wp-content\/plugins\/facebook-button-plugin\/images\/standard-facebook-ico.png\" alt=\"Fb-Button\" \/>\n                            <\/a>\n                        <\/div><div class=\"fcbkbttn_like \"><fb:like href=\"https:\/\/pts.org.pl\/en\/sekcja-socjologii-cyfrowej\/\" action=\"like\" colorscheme=\"light\" layout=\"button_count\"  size=\"small\"><\/fb:like><\/div><\/div>\n<p><strong>I edycja konkursu na najlepszy artyku\u0142 naukowy z obszaru socjologii cyfrowej<\/strong><\/p>\n\n\n\n<p>G\u0142\u00f3wne informacje:<\/p>\n\n\n\n<ul><li>Do konkursu mog\u0105 by\u0107 zg\u0142aszane artyku\u0142y naukowe opublikowane w recenzowanych czasopismach naukowych w okresie od 1 stycznia do 31 grudnia 2025 roku.<\/li><li>Termin nadsy\u0142ania prac up\u0142ywa 15 marca 2026 roku.<\/li><li><a href=\"https:\/\/drive.google.com\/file\/d\/1-vtvVrDoElAoMQN2SfXShqZa8HoTMMRo\/view?usp=sharing\">Regulamin i szczeg\u00f3\u0142y konkursu znajduj\u0105 si\u0119 tutaj<\/a>.<\/li><\/ul>\n\n\n\n<p>Zapraszamy i czekamy na zg\u0142oszenia!<\/p>\n\n\n\n<hr class=\"wp-block-separator\"\/>\n\n\n\n<p>Spo\u0142ecze\u0144stwo wsp\u00f3\u0142czesne znalaz\u0142o si\u0119 w stadium przyspieszonego i niekontrolownego rozwoju technologicznego, kt\u00f3rego efektem s\u0105 m.in.: (i) zmiany hierarchii warto\u015bci, zasad, instytucji, (ii) g\u0142\u0119bokie przeobra\u017cenia wi\u0119zi spo\u0142ecznych, (iii) nowe praktyki spo\u0142eczne, (iv) technologicznie stymulowane podzia\u0142y oraz nier\u00f3wno\u015bci, (v) sieciowe struktury organizacji i komunikacji, (vi) nowe \u017ar\u00f3d\u0142a legitymizacji w\u0142adzy, (vii) nieznane wcze\u015bniej zjawiska i trendy kulturowe, (viii) nowe wizje \u0142adu spo\u0142ecznego, w kt\u00f3rym technologie cyfrowe odgrywaj\u0105 kluczow\u0105 rol\u0119. Znacz\u0105cy wp\u0142yw rewolucji cyfrowej na funkcjonowanie dzisiejszego \u015bwiata, tworzenie narracji o przesz\u0142o\u015bci, czy te\u017c konstytuowanie to\u017csamo\u015bci jednostkowych oraz zbiorowych, wymaga od badaczy spo\u0142ecznych rekonstrukcji stosowanych ram teoretycznych i metodologicznych. Cz\u0142onkowie Sekcji Socjologii Cyfrowej d\u0105\u017c\u0105 do zrozumienia i analizy zjawisk zwi\u0105zanych z szeroko rozumian\u0105 digitalizacj\u0105 i algorytmizacj\u0105 wiedz\u0105c, jak du\u017cy wp\u0142yw maj\u0105 te procesy na przysz\u0142o\u015bci spo\u0142ecze\u0144stw.<\/p>\n\n\n\n<p>Sekcja Socjologii Cyfrowej zosta\u0142a powo\u0142ana uchwa\u0142\u0105 Zarz\u0105du G\u0142\u00f3wnego PTS z dnia 9.12.2022 r. Inspiracj\u0105 do utworzenia Sekcji by\u0142a dyskusja, kt\u00f3ra odby\u0142a si\u0119 dnia 16 wrze\u015bnia 2022 roku podczas XVIII-ego Zjazdu Socjologicznego w Warszawie.<\/p>\n\n\n\n<p>Cele Sekcji Socjologii Cyfrowej obejmuj\u0105:<\/p>\n\n\n\n<ol type=\"1\"><li>Stworzenie interdyscyplinarnego forum przep\u0142ywu pomys\u0142\u00f3w i idei mi\u0119dzy polskimi i zagranicznymi badaczami problem\u00f3w cyfrowych.<\/li><li>Umo\u017cliwienie podejmowania wsp\u00f3lnych inicjatyw badawczych, w tym bada\u0144 o zasi\u0119gu mi\u0119dzynarodowym.<\/li><li>Przygotowanie publikacji naukowych, raport\u00f3w specjalistycznych, komentarzy prasowych itd. na temat problem\u00f3w wywo\u0142anych procesami cyfryzacji oraz algorytmizacji.<\/li><li>W\u0142\u0105czanie polskiego \u015brodowiska socjologicznego do globalnej debaty naukowej rozwijanej wok\u00f3\u0142 szeroko rozumianych problem\u00f3w cyfryzacji i algorytmizacji.<\/li><li>Promowanie socjologii cyfrowej poprzez organizacj\u0119 konferencji, seminari\u00f3w, sesji warsztat\u00f3w itd. w Polsce i zagranic\u0105<\/li><\/ol>\n\n\n\n<p>Zarz\u0105d Sekcji Socjologii Cyfrowej:<\/p>\n\n\n\n<ul><li>przewodnicz\u0105cy: dr Kamil Filipek, Uniwersytet Marii Curie-Sk\u0142odowskiej w Lublinie<\/li><li>wiceprzewodnicz\u0105ca: dr Anna Turner, Instytut Filozofii i Socjologii, Polska Akademia Nauk<\/li><li>wiceprzewodnicz\u0105cy: dr Dariusz Brzezi\u0144ski, Instytut Filozofii i Socjologii, Polska Akademia Nauk<\/li><li>sekretarz: dr hab. Pawe\u0142 Matuszewski, Collegium Civitas<\/li><li>cz\u0142onkini zarz\u0105du: prof. Maria Nawojczyk, Akademia G\u00f3rniczo-Hutnicza im. Stanis\u0142awa Staszica w Krakowie,<\/li><li>cz\u0142onkini zarz\u0105du: dr Ma\u0142gorzata Winiarska-Brodowska, Uniwersytet Jagiello\u0144ski w Krakowie<\/li><\/ul>\n\n\n\n<p>Kontakt:<\/p>\n\n\n\n<p><a href=\"mailto:socjologiacyfrowa@pts.org.pl\">socjologiacyfrowa@pts.org.pl<\/a><\/p>\n\n\n\n<p>Facebook: <a href=\"https:\/\/www.facebook.com\/profile.php?id=100088740424373\">https:\/\/www.facebook.com\/profile.php?id=100088740424373<\/a><\/p>\n\n\n\n<p>Kamil Filipek: <a href=\"mailto:kfilipek@umcs.pl\">kfilipek@umcs.pl<\/a><\/p>\n\n\n\n<p>Anna Turner: <a href=\"mailto:aturner@ifispan.edu.pl\">aturner@ifispan.edu.pl<\/a><\/p>\n\n\n\n<p>Dariusz Brzezi\u0144ski: <a href=\"mailto:dbrzezinski@ifispan.edu.pl\">dbrzezinski@ifispan.edu.pl<\/a><\/p>\n","protected":false},"excerpt":{"rendered":"<p>I edycja konkursu na najlepszy artyku\u0142 naukowy z obszaru socjologii cyfrowej G\u0142\u00f3wne informacje: Do konkursu mog\u0105 by\u0107 zg\u0142aszane artyku\u0142y naukowe opublikowane w recenzowanych czasopismach naukowych w okresie od 1 stycznia do 31 grudnia 2025 roku. Termin nadsy\u0142ania prac up\u0142ywa 15 marca 2026 roku. Regulamin i szczeg\u00f3\u0142y konkursu znajduj\u0105 si\u0119 tutaj. Zapraszamy i czekamy na zg\u0142oszenia! [&hellip;]<\/p>\n","protected":false},"author":111265,"featured_media":0,"parent":0,"menu_order":0,"comment_status":"closed","ping_status":"closed","template":"","meta":[],"_links":{"self":[{"href":"https:\/\/pts.org.pl\/en\/wp-json\/wp\/v2\/pages\/6431"}],"collection":[{"href":"https:\/\/pts.org.pl\/en\/wp-json\/wp\/v2\/pages"}],"about":[{"href":"https:\/\/pts.org.pl\/en\/wp-json\/wp\/v2\/types\/page"}],"author":[{"embeddable":true,"href":"https:\/\/pts.org.pl\/en\/wp-json\/wp\/v2\/users\/111265"}],"replies":[{"embeddable":true,"href":"https:\/\/pts.org.pl\/en\/wp-json\/wp\/v2\/comments?post=6431"}],"version-history":[{"count":3,"href":"https:\/\/pts.org.pl\/en\/wp-json\/wp\/v2\/pages\/6431\/revisions"}],"predecessor-version":[{"id":7919,"href":"https:\/\/pts.org.pl\/en\/wp-json\/wp\/v2\/pages\/6431\/revisions\/7919"}],"wp:attachment":[{"href":"https:\/\/pts.org.pl\/en\/wp-json\/wp\/v2\/media?parent=6431"}],"curies":[{"name":"wp","href":"https:\/\/api.w.org\/{rel}","templated":true}]}}

<div class="fcbkbttn_buttons_block" id="fcbkbttn_left"><div class="fcbkbttn_button">
                            <a href="https://www.facebook.com/" target="_blank">
                                <img src="https://pts.org.pl/wp-content/plugins/facebook-button-plugin/images/standard-facebook-ico.png" alt="Fb-Button" />
                            </a>
                        </div><div class="fcbkbttn_like "><fb:like href="https://pts.org.pl/en/sekcja-socjologii-cyfrowej/" action="like" colorscheme="light" layout="button_count"  size="small"></fb:like></div></div>
<p><strong>I edycja konkursu na najlepszy artykuł naukowy z obszaru socjologii cyfrowej</strong></p>



<p>Główne informacje:</p>



<ul><li>Do konkursu mogą być zgłaszane artykuły naukowe opublikowane w recenzowanych czasopismach naukowych w okresie od 1 stycznia do 31 grudnia 2025 roku.</li><li>Termin nadsyłania prac upływa 15 marca 2026 roku.</li><li><a href="https://drive.google.com/file/d/1-vtvVrDoElAoMQN2SfXShqZa8HoTMMRo/view?usp=sharing">Regulamin i szczegóły konkursu znajdują się tutaj</a>.</li></ul>



<p>Zapraszamy i czekamy na zgłoszenia!</p>



<hr class="wp-block-separator"/>



<p>Społeczeństwo współczesne znalazło się w stadium przyspieszonego i niekontrolownego rozwoju technologicznego, którego efektem są m.in.: (i) zmiany hierarchii wartości, zasad, instytucji, (ii) głębokie przeobrażenia więzi społecznych, (iii) nowe praktyki społeczne, (iv) technologicznie stymulowane podziały oraz nierówności, (v) sieciowe struktury organizacji i komunikacji, (vi) nowe źródła legitymizacji władzy, (vii) nieznane wcześniej zjawiska i trendy kulturowe, (viii) nowe wizje ładu społecznego, w którym technologie cyfrowe odgrywają kluczową rolę. Znaczący wpływ rewolucji cyfrowej na funkcjonowanie dzisiejszego świata, tworzenie narracji o przeszłości, czy też konstytuowanie tożsamości jednostkowych oraz zbiorowych, wymaga od badaczy społecznych rekonstrukcji stosowanych ram teoretycznych i metodologicznych. Członkowie Sekcji Socjologii Cyfrowej dążą do zrozumienia i analizy zjawisk związanych z szeroko rozumianą digitalizacją i algorytmizacją wiedząc, jak duży wpływ mają te procesy na przyszłości społeczeństw.</p>



<p>Sekcja Socjologii Cyfrowej została powołana uchwałą Zarządu Głównego PTS z dnia 9.12.2022 r. Inspiracją do utworzenia Sekcji była dyskusja, która odbyła się dnia 16 września 2022 roku podczas XVIII-ego Zjazdu Socjologicznego w Warszawie.</p>



<p>Cele Sekcji Socjologii Cyfrowej obejmują:</p>



<ol type="1"><li>Stworzenie interdyscyplinarnego forum przepływu pomysłów i idei między polskimi i zagranicznymi badaczami problemów cyfrowych.</li><li>Umożliwienie podejmowania wspólnych inicjatyw badawczych, w tym badań o zasięgu międzynarodowym.</li><li>Przygotowanie publikacji naukowych, raportów specjalistycznych, komentarzy prasowych itd. na temat problemów wywołanych procesami cyfryzacji oraz algorytmizacji.</li><li>Włączanie polskiego środowiska socjologicznego do globalnej debaty naukowej rozwijanej wokół szeroko rozumianych problemów cyfryzacji i algorytmizacji.</li><li>Promowanie socjologii cyfrowej poprzez organizację konferencji, seminariów, sesji warsztatów itd. w Polsce i zagranicą</li></ol>



<p>Zarząd Sekcji Socjologii Cyfrowej:</p>



<ul><li>przewodniczący: dr Kamil Filipek, Uniwersytet Marii Curie-Skłodowskiej w Lublinie</li><li>wiceprzewodnicząca: dr Anna Turner, Instytut Filozofii i Socjologii, Polska Akademia Nauk</li><li>wiceprzewodniczący: dr Dariusz Brzeziński, Instytut Filozofii i Socjologii, Polska Akademia Nauk</li><li>sekretarz: dr hab. Paweł Matuszewski, Collegium Civitas</li><li>członkini zarządu: prof. Maria Nawojczyk, Akademia Górniczo-Hutnicza im. Stanisława Staszica w Krakowie,</li><li>członkini zarządu: dr Małgorzata Winiarska-Brodowska, Uniwersytet Jagielloński w Krakowie</li></ul>



<p>Kontakt:</p>



<p><a href="mailto:socjologiacyfrowa@pts.org.pl">socjologiacyfrowa@pts.org.pl</a></p>



<p>Facebook: <a href="https://www.facebook.com/profile.php?id=100088740424373">https://www.facebook.com/profile.php?id=100088740424373</a></p>



<p>Kamil Filipek: <a href="mailto:kfilipek@umcs.pl">kfilipek@umcs.pl</a></p>



<p>Anna Turner: <a href="mailto:aturner@ifispan.edu.pl">aturner@ifispan.edu.pl</a></p>



<p>Dariusz Brzeziński: <a href="mailto:dbrzezinski@ifispan.edu.pl">dbrzezinski@ifispan.edu.pl</a></p>

<p>I edycja konkursu na najlepszy artykuł naukowy z obszaru socjologii cyfrowej Główne informacje: Do konkursu mogą być zgłaszane artykuły naukowe opublikowane w recenzowanych czasopismach naukowych w okresie od 1 stycznia do 31 grudnia 2025 roku. Termin nadsyłania prac upływa 15 marca 2026 roku. Regulamin i szczegóły konkursu znajdują się tutaj. Zapraszamy i czekamy na zgłoszenia! [&hellip;]</p>
