{"id":6426,"date":"2023-03-15T20:44:57","date_gmt":"2023-03-15T20:44:57","guid":{"rendered":"https:\/\/pts.org.pl\/?page_id=6426"},"modified":"2026-01-23T10:48:45","modified_gmt":"2026-01-23T10:48:45","slug":"sekcja-badan-komunikacji-spolecznej","status":"publish","type":"page","link":"https:\/\/pts.org.pl\/en\/sekcja-badan-komunikacji-spolecznej\/","title":{"rendered":"Sekcja Bada\u0144 Komunikacji Spo\u0142ecznej"},"content":{"rendered":"<div class=\"fcbkbttn_buttons_block\" id=\"fcbkbttn_left\"><div class=\"fcbkbttn_button\">\n                            <a href=\"https:\/\/www.facebook.com\/\" target=\"_blank\">\n                                <img src=\"https:\/\/pts.org.pl\/wp-content\/plugins\/facebook-button-plugin\/images\/standard-facebook-ico.png\" alt=\"Fb-Button\" \/>\n                            <\/a>\n                        <\/div><div class=\"fcbkbttn_like \"><fb:like href=\"https:\/\/pts.org.pl\/en\/sekcja-badan-komunikacji-spolecznej\/\" action=\"like\" colorscheme=\"light\" layout=\"button_count\"  size=\"small\"><\/fb:like><\/div><\/div>\n<p><strong>Sekcja Bada\u0144 Komunikacji Spo\u0142ecznej <\/strong>zosta\u0142a powo\u0142ana 9 grudnia 2022 roku z inicjatywy socjolo\u017cek i socjolog\u00f3w z o\u015brodk\u00f3w akademickich w \u0141odzi, Warszawie, Gda\u0144sku, Krakowie, Lublinie i Opolu. Cz\u0119\u015b\u0107 zna\u0142a si\u0119 z odbywaj\u0105cych si\u0119 od 2009 roku interdyscyplinarnych Warsztat\u00f3w Analizy Dyskursu, inni nawi\u0105zali kontakt podczas seminari\u00f3w, konferencji i obrad grup tematycznych po\u015bwi\u0119conych tematyce komunikacji spo\u0142ecznej, debaty publicznej i medi\u00f3w. Sekcja \u0142\u0105czy osoby zainteresowane r\u00f3\u017cnymi poziomami i aspektami komunikowania w spo\u0142ecze\u0144stwie. Kontynuuje tradycje polskich bada\u0144 nad komunikacj\u0105 spo\u0142eczn\u0105, ze szczeg\u00f3lnym uwzgl\u0119dnieniem analizy dyskursu publicznego w wymiarze kulturowym, politycznym, interakcyjnym, retorycznym, multimodalnym i zwi\u0105zanym ze spo\u0142eczn\u0105 dystrybucj\u0105 wiedzy.<\/p>\n\n\n\n<p>Celem sekcji jest rozwijanie dialogu naukowego w obszarach:<\/p>\n\n\n\n<ul><li>relacji komunikowania prywatnego i publicznego,<\/li><li>przemian spo\u0142eczno-kulturowych i interakcyjnych w polu komunikowania medialnego (zar\u00f3wno w mediach tradycyjnych, jak i spo\u0142eczno\u015bciowych),<\/li><li>refleksji nad nowymi zjawiskami i aktorami komunikacji spo\u0142ecznej oraz wynikaj\u0105cymi z tego problemami badawczymi dla os\u00f3b zajmuj\u0105cych si\u0119 tym polem,<\/li><li>namys\u0142u nad jako\u015bci\u0105 debaty publicznej,<\/li><li>analizy dyskursu, ze szczeg\u00f3lnym uwzgl\u0119dnieniem bada\u0144 nad dyskursem publicznym: medialnym, politycznym, eksperckim, instytucjonalnym, w uj\u0119ciu interdyscyplinarnym (wsp\u00f3\u0142praca \u015brodowiska socjologicznego z przedstawiciel(k)ami innych dyscyplin, np. j\u0119zykoznawstwa, medioznawstwa, nauk politycznych i pedagogiki).<\/li><li>metodologii bada\u0144 nad komunikacj\u0105 spo\u0142eczn\u0105, w tym zw\u0142aszcza: analizy multimodalnej, analizy konwersacyjnej, analizy retorycznej, analizy ramowania i r\u00f3\u017cnych podej\u015b\u0107 krytycznych.<\/li><\/ul>\n\n\n\n<p>Socjologiczne podej\u015bcie do bada\u0144 komunikacji spo\u0142ecznej jest wyczulone zar\u00f3wno na poznawcze, wi\u0119zio- i kulturotw\u00f3rcze, jak i konfliktogenne aspekty komunikacji spo\u0142ecznej, na powi\u0105zanie dyskursu i praktyk komunikacyjnych z w\u0142adz\u0105 i dominacj\u0105 w spo\u0142ecze\u0144stwie oraz z problematyk\u0105 polityczn\u0105, gospodarcz\u0105, kulturow\u0105 i etyczn\u0105. Perspektywa socjologiczna kieruje uwag\u0119 tak\u017ce ku destrukcyjnym i dyskryminacyjnym zjawiskom komunikacyjnym, jak mowa nienawi\u015bci czy manifestuj\u0105ce si\u0119 w dyskursie publicznym uprzedzenia p\u0142ciowe i etniczne, rasizm, antysemityzm, resentymenty historyczne, homo- i transfobia, klasizm i ekonomiczno-zarz\u0105dcze formy uprzedmiotowienia ludzi. Badacze i badaczki komunikacji spo\u0142ecznej si\u0119gaj\u0105 do wielu nurt\u00f3w krytyki spo\u0142ecznej, m.in. do teorii postkolonialnej, <em>gender studies<\/em>, studi\u00f3w nad neoliberaln\u0105 rz\u0105domy\u015blno\u015bci\u0105 czy analiz intersekcjonalnych.<\/p>\n\n\n\n<p>Z\u0142o\u017cono\u015b\u0107 wsp\u00f3\u0142czesnych zjawisk komunikacyjnych wymaga refleksji interdyscyplinarnej, otwarto\u015b\u0107 na ni\u0105 jest jednym z za\u0142o\u017ce\u0144 Sekcji Bada\u0144 Komunikacji Spo\u0142ecznej.<\/p>\n\n\n\n<p>Na zebraniu 14 stycznia 2026 roku wybrano zarz\u0105d sekcji na kadencj\u0119 2026\u201328, w sk\u0142adzie:<\/p>\n\n\n\n<p>dr Magdalena Nowicka-Franczak (U\u0141) \u2013 przewodnicz\u0105ca<\/p>\n\n\n\n<p>dr hab. Agnieszka Kampka (SGGW) \u2013 wiceprzewodnicz\u0105ca<\/p>\n\n\n\n<p>dr Jerzy Stachowiak (U\u0141) \u2013 wiceprzewodnicz\u0105cy<\/p>\n\n\n\n<p>dr Barbara Markowska-Marczak (CC) \u2013 skarbniczka<\/p>\n\n\n\n<p>dr Anna Radiukiewicz (ISP PAN) \u2013 sekretarzyni<\/p>\n\n\n\n<p>dr Adam Konopka (UG) \u2013 cz\u0142onek zarz\u0105du<\/p>\n\n\n\n<p>dr Marcin Deutschmann (UO) &#8211; cz\u0142onek zarz\u0105du<\/p>\n\n\n\n<p>mgr Iwona M\u0142o\u017aniak (UJ) &#8211; cz\u0142onkini zarz\u0105du<\/p>\n\n\n\n<p>Kontakt: <a href=\"mailto:sbks@pts.org.pl\">sbks@pts.org.pl<\/a><\/p>\n\n\n\n<p>Facebook: <a href=\"http:\/\/www.facebook.com\/sbkspts\">www.facebook.com\/sbkspts<\/a><\/p>\n","protected":false},"excerpt":{"rendered":"<p>Sekcja Bada\u0144 Komunikacji Spo\u0142ecznej zosta\u0142a powo\u0142ana 9 grudnia 2022 roku z inicjatywy socjolo\u017cek i socjolog\u00f3w z o\u015brodk\u00f3w akademickich w \u0141odzi, Warszawie, Gda\u0144sku, Krakowie, Lublinie i Opolu. Cz\u0119\u015b\u0107 zna\u0142a si\u0119 z odbywaj\u0105cych si\u0119 od 2009 roku interdyscyplinarnych Warsztat\u00f3w Analizy Dyskursu, inni nawi\u0105zali kontakt podczas seminari\u00f3w, konferencji i obrad grup tematycznych po\u015bwi\u0119conych tematyce komunikacji spo\u0142ecznej, debaty publicznej [&hellip;]<\/p>\n","protected":false},"author":111265,"featured_media":0,"parent":0,"menu_order":0,"comment_status":"closed","ping_status":"closed","template":"","meta":[],"_links":{"self":[{"href":"https:\/\/pts.org.pl\/en\/wp-json\/wp\/v2\/pages\/6426"}],"collection":[{"href":"https:\/\/pts.org.pl\/en\/wp-json\/wp\/v2\/pages"}],"about":[{"href":"https:\/\/pts.org.pl\/en\/wp-json\/wp\/v2\/types\/page"}],"author":[{"embeddable":true,"href":"https:\/\/pts.org.pl\/en\/wp-json\/wp\/v2\/users\/111265"}],"replies":[{"embeddable":true,"href":"https:\/\/pts.org.pl\/en\/wp-json\/wp\/v2\/comments?post=6426"}],"version-history":[{"count":4,"href":"https:\/\/pts.org.pl\/en\/wp-json\/wp\/v2\/pages\/6426\/revisions"}],"predecessor-version":[{"id":7918,"href":"https:\/\/pts.org.pl\/en\/wp-json\/wp\/v2\/pages\/6426\/revisions\/7918"}],"wp:attachment":[{"href":"https:\/\/pts.org.pl\/en\/wp-json\/wp\/v2\/media?parent=6426"}],"curies":[{"name":"wp","href":"https:\/\/api.w.org\/{rel}","templated":true}]}}

Sekcja Badań Komunikacji Społecznej

<div class="fcbkbttn_buttons_block" id="fcbkbttn_left"><div class="fcbkbttn_button">
                            <a href="https://www.facebook.com/" target="_blank">
                                <img src="https://pts.org.pl/wp-content/plugins/facebook-button-plugin/images/standard-facebook-ico.png" alt="Fb-Button" />
                            </a>
                        </div><div class="fcbkbttn_like "><fb:like href="https://pts.org.pl/en/sekcja-badan-komunikacji-spolecznej/" action="like" colorscheme="light" layout="button_count"  size="small"></fb:like></div></div>
<p><strong>Sekcja Badań Komunikacji Społecznej </strong>została powołana 9 grudnia 2022 roku z inicjatywy socjolożek i socjologów z ośrodków akademickich w Łodzi, Warszawie, Gdańsku, Krakowie, Lublinie i Opolu. Część znała się z odbywających się od 2009 roku interdyscyplinarnych Warsztatów Analizy Dyskursu, inni nawiązali kontakt podczas seminariów, konferencji i obrad grup tematycznych poświęconych tematyce komunikacji społecznej, debaty publicznej i mediów. Sekcja łączy osoby zainteresowane różnymi poziomami i aspektami komunikowania w społeczeństwie. Kontynuuje tradycje polskich badań nad komunikacją społeczną, ze szczególnym uwzględnieniem analizy dyskursu publicznego w wymiarze kulturowym, politycznym, interakcyjnym, retorycznym, multimodalnym i związanym ze społeczną dystrybucją wiedzy.</p>



<p>Celem sekcji jest rozwijanie dialogu naukowego w obszarach:</p>



<ul><li>relacji komunikowania prywatnego i publicznego,</li><li>przemian społeczno-kulturowych i interakcyjnych w polu komunikowania medialnego (zarówno w mediach tradycyjnych, jak i społecznościowych),</li><li>refleksji nad nowymi zjawiskami i aktorami komunikacji społecznej oraz wynikającymi z tego problemami badawczymi dla osób zajmujących się tym polem,</li><li>namysłu nad jakością debaty publicznej,</li><li>analizy dyskursu, ze szczególnym uwzględnieniem badań nad dyskursem publicznym: medialnym, politycznym, eksperckim, instytucjonalnym, w ujęciu interdyscyplinarnym (współpraca środowiska socjologicznego z przedstawiciel(k)ami innych dyscyplin, np. językoznawstwa, medioznawstwa, nauk politycznych i pedagogiki).</li><li>metodologii badań nad komunikacją społeczną, w tym zwłaszcza: analizy multimodalnej, analizy konwersacyjnej, analizy retorycznej, analizy ramowania i różnych podejść krytycznych.</li></ul>



<p>Socjologiczne podejście do badań komunikacji społecznej jest wyczulone zarówno na poznawcze, więzio- i kulturotwórcze, jak i konfliktogenne aspekty komunikacji społecznej, na powiązanie dyskursu i praktyk komunikacyjnych z władzą i dominacją w społeczeństwie oraz z problematyką polityczną, gospodarczą, kulturową i etyczną. Perspektywa socjologiczna kieruje uwagę także ku destrukcyjnym i dyskryminacyjnym zjawiskom komunikacyjnym, jak mowa nienawiści czy manifestujące się w dyskursie publicznym uprzedzenia płciowe i etniczne, rasizm, antysemityzm, resentymenty historyczne, homo- i transfobia, klasizm i ekonomiczno-zarządcze formy uprzedmiotowienia ludzi. Badacze i badaczki komunikacji społecznej sięgają do wielu nurtów krytyki społecznej, m.in. do teorii postkolonialnej, <em>gender studies</em>, studiów nad neoliberalną rządomyślnością czy analiz intersekcjonalnych.</p>



<p>Złożoność współczesnych zjawisk komunikacyjnych wymaga refleksji interdyscyplinarnej, otwartość na nią jest jednym z założeń Sekcji Badań Komunikacji Społecznej.</p>



<p>Na zebraniu 14 stycznia 2026 roku wybrano zarząd sekcji na kadencję 2026–28, w składzie:</p>



<p>dr Magdalena Nowicka-Franczak (UŁ) – przewodnicząca</p>



<p>dr hab. Agnieszka Kampka (SGGW) – wiceprzewodnicząca</p>



<p>dr Jerzy Stachowiak (UŁ) – wiceprzewodniczący</p>



<p>dr Barbara Markowska-Marczak (CC) – skarbniczka</p>



<p>dr Anna Radiukiewicz (ISP PAN) – sekretarzyni</p>



<p>dr Adam Konopka (UG) – członek zarządu</p>



<p>dr Marcin Deutschmann (UO) &#8211; członek zarządu</p>



<p>mgr Iwona Młoźniak (UJ) &#8211; członkini zarządu</p>



<p>Kontakt: <a href="mailto:sbks@pts.org.pl">sbks@pts.org.pl</a></p>



<p>Facebook: <a href="http://www.facebook.com/sbkspts">www.facebook.com/sbkspts</a></p>

<p>Sekcja Badań Komunikacji Społecznej została powołana 9 grudnia 2022 roku z inicjatywy socjolożek i socjologów z ośrodków akademickich w Łodzi, Warszawie, Gdańsku, Krakowie, Lublinie i Opolu. Część znała się z odbywających się od 2009 roku interdyscyplinarnych Warsztatów Analizy Dyskursu, inni nawiązali kontakt podczas seminariów, konferencji i obrad grup tematycznych poświęconych tematyce komunikacji społecznej, debaty publicznej [&hellip;]</p>
